{"id":3949,"date":"2017-07-29T05:22:14","date_gmt":"2017-07-29T05:22:14","guid":{"rendered":"https:\/\/pofo.themezaa.com\/?page_id=3949"},"modified":"2026-04-10T22:49:55","modified_gmt":"2026-04-10T22:49:55","slug":"home-portfolio-parallax","status":"publish","type":"page","link":"https:\/\/debdebe.com.tr\/","title":{"rendered":"Home portfolio parallax"},"content":{"rendered":"<div class=\"wpb-content-wrapper\"><section data-vc-full-width=\"true\" data-vc-full-width-init=\"false\" data-vc-stretch-content=\"true\" data-parallax-background-ratio=\"0.5\" class=\"vc_row wpb_row vc_row-fluid  vc_custom_1775815122991 top-space vc_row-has-fill pofo-stretch-content vc_row-no-padding vc_row-o-content-bottom vc_row-flex parallax pofo-row-responsive-6a073bfa6c4f8\" style=\"min-height: 700px;\"><div class=\"wpb_column vc_column_container vc_col-sm-12  col-xs-mobile-fullwidth pofo-column-responsive-6a073bfa6c5ad\"><div class=\"vc_column-inner vc_custom_1507010124687\"><div class=\"wpb_wrapper\"><div class=\"last-paragraph-no-margin\"><p><span class=\"alt-font text-uppercase font-weight-600 text-extra-small opacity6 text-white letter-spacing-1 margin-25px-bottom xs-no-margin-bottom display-block xs-display-table sm-opacity10 parallax-category-text\">Konsept + Deneyim + Operasyon<\/span><\/p>\n<\/div><div class=\"last-paragraph-no-margin\"><h4 class=\"alt-font text-extra-dark-gray font-weight-600 display-inline-block bg-white padding-20px-lr padding-10px-tb\" style=\"margin-bottom: 0px !important; margin-left: 0px !important;\">\nEtkinlik Y\u00f6netimi<\/h4>\n<\/div><a  href=\"#\" target=\"_self\" class=\"btn pofo-button-1 button-style1  btn-dark-gray  btn-very-small   vc_custom_1775859294057\"  style=\"border-color:#000000; \">Bodrum - \u0130stanbul<\/a><\/div><\/div><\/div><\/section><div class=\"vc_row-full-width vc_clearfix\"><\/div><section data-vc-full-width=\"true\" data-vc-full-width-init=\"false\" data-vc-stretch-content=\"true\" data-parallax-background-ratio=\"0.5\" class=\"vc_row wpb_row vc_row-fluid  vc_custom_1775815522493 vc_row-has-fill pofo-stretch-content vc_row-no-padding vc_row-o-content-bottom vc_row-flex parallax pofo-row-responsive-6a073bfa6c761\" style=\"min-height: 700px;\"><div class=\"wpb_column vc_column_container vc_col-sm-12  col-xs-mobile-fullwidth pofo-column-responsive-6a073bfa6c7c4\"><div class=\"vc_column-inner vc_custom_1507010129365\"><div class=\"wpb_wrapper\"><div class=\"last-paragraph-no-margin\" style=\"color: #00000000;\"><p><span class=\"alt-font text-uppercase font-weight-600 text-extra-small opacity6 text-white letter-spacing-1 margin-25px-bottom xs-no-margin-bottom display-block xs-display-table sm-opacity10 parallax-category-text\">Sanat\u00e7\u0131 + Kurasyon + Sahne<\/span><\/p>\n<\/div><div class=\"last-paragraph-no-margin\"><h4 class=\"alt-font text-extra-dark-gray font-weight-600 display-inline-block bg-white padding-20px-lr padding-10px-tb\" style=\"margin-bottom: 0px !important; margin-left: 0px !important;\">Performans ve Sanat\u00e7\u0131 Y\u00f6netimi<\/h4>\n<\/div><a  href=\"#\" target=\"_self\" class=\"btn pofo-button-2 button-style1  btn-dark-gray  btn-very-small   vc_custom_1775859305268\"  style=\"border-color:#000000; \">Bodrum<\/a><\/div><\/div><\/div><\/section><div class=\"vc_row-full-width vc_clearfix\"><\/div><section data-vc-full-width=\"true\" data-vc-full-width-init=\"false\" data-vc-stretch-content=\"true\" data-parallax-background-ratio=\"0.5\" class=\"vc_row wpb_row vc_row-fluid  vc_custom_1775818665789 vc_row-has-fill pofo-stretch-content vc_row-no-padding vc_row-o-content-bottom vc_row-flex parallax pofo-row-responsive-6a073bfa6c895\" style=\"min-height: 700px;\"><div class=\"wpb_column vc_column_container vc_col-sm-12  col-xs-mobile-fullwidth pofo-column-responsive-6a073bfa6c8e2\"><div class=\"vc_column-inner vc_custom_1508301703014\"><div class=\"wpb_wrapper\"><div class=\"last-paragraph-no-margin\"><p><span class=\"alt-font text-uppercase font-weight-600 text-extra-small opacity6 text-white letter-spacing-1 margin-25px-bottom xs-no-margin-bottom display-block xs-display-table sm-opacity10 parallax-category-text\">Tasar\u0131m + Malzeme + Uygulama<\/span><\/p>\n<\/div><div class=\"last-paragraph-no-margin\"><h4 class=\"alt-font text-extra-dark-gray font-weight-600 display-inline-block bg-white padding-20px-lr padding-10px-tb\" style=\"margin-bottom: 0px !important; margin-left: 0px !important;\">Stand ve Sergileme \u00c7\u00f6z\u00fcmleri<\/h4>\n<\/div><a  href=\"#\" target=\"_self\" class=\"btn pofo-button-3 button-style1  btn-dark-gray  btn-very-small   vc_custom_1775859316448\"  style=\"border-color:#000000; \">\u0130stanbul<\/a><\/div><\/div><\/div><\/section><div class=\"vc_row-full-width vc_clearfix\"><\/div><section data-vc-full-width=\"true\" data-vc-full-width-init=\"false\" data-vc-stretch-content=\"true\" data-parallax-background-ratio=\"0.5\" class=\"vc_row wpb_row vc_row-fluid  vc_custom_1775816365721 vc_row-has-fill pofo-stretch-content vc_row-no-padding vc_row-o-content-bottom vc_row-flex parallax pofo-row-responsive-6a073bfa6c9a1\" style=\"min-height: 700px;\"><div class=\"wpb_column vc_column_container vc_col-sm-12  col-xs-mobile-fullwidth pofo-column-responsive-6a073bfa6c9ec\"><div class=\"vc_column-inner vc_custom_1507005327125\"><div class=\"wpb_wrapper\"><div class=\"last-paragraph-no-margin\"><p><span class=\"alt-font text-uppercase font-weight-600 text-extra-small opacity6 text-white letter-spacing-1 margin-25px-bottom xs-no-margin-bottom display-block xs-display-table sm-opacity10 parallax-category-text\">\u015eef + Masa Dizayn\u0131 + Deneyim<\/span><\/p>\n<\/div><div class=\"last-paragraph-no-margin\"><h4 class=\"alt-font text-extra-dark-gray font-weight-600 display-inline-block bg-white padding-20px-lr padding-10px-tb\" style=\"margin-bottom: 0px !important; margin-left: 0px !important;\">VIP &amp; \u00d6zel Yemek Organizasyonu<\/h4>\n<\/div><a  href=\"#\" target=\"_self\" class=\"btn pofo-button-4 button-style1  btn-dark-gray  btn-very-small   vc_custom_1775819099340\"  style=\"border-color:#000000; \">Bodrum<\/a><\/div><\/div><\/div><\/section><div class=\"vc_row-full-width vc_clearfix\"><\/div><section data-vc-full-width=\"true\" data-vc-full-width-init=\"false\" data-vc-stretch-content=\"true\" data-parallax-background-ratio=\"0.5\" class=\"vc_row wpb_row vc_row-fluid  vc_custom_1775818464489 vc_row-has-fill pofo-stretch-content vc_row-no-padding vc_row-o-content-bottom vc_row-flex parallax pofo-row-responsive-6a073bfa6caa7\" style=\"min-height: 700px;\"><div class=\"wpb_column vc_column_container vc_col-sm-12  col-xs-mobile-fullwidth pofo-column-responsive-6a073bfa6cb24\"><div class=\"vc_column-inner vc_custom_1507010148416\"><div class=\"wpb_wrapper\"><div class=\"last-paragraph-no-margin\"><p><span class=\"alt-font text-uppercase font-weight-600 text-extra-small opacity6 text-white letter-spacing-1 margin-25px-bottom xs-no-margin-bottom display-block xs-display-table sm-opacity10 parallax-category-text\">Foto\u011fraf + Video + \u0130\u00e7erik<\/span><\/p>\n<\/div><div class=\"last-paragraph-no-margin\"><h4 class=\"alt-font text-extra-dark-gray font-weight-600 display-inline-block bg-white padding-20px-lr padding-10px-tb\" style=\"margin-bottom: 0px !important; margin-left: 0px !important;\">G\u00f6rsel ve Video Prod\u00fcksiyon<\/h4>\n<\/div><a  href=\"#\" target=\"_self\" class=\"btn pofo-button-5 button-style1  btn-dark-gray  btn-very-small   vc_custom_1775819267044\"  style=\"border-color:#000000; \">Bodrum<\/a><\/div><\/div><\/div><\/section><div class=\"vc_row-full-width vc_clearfix\"><\/div>\n<\/div>","protected":false},"excerpt":{"rendered":"Konsept + Deneyim + Operasyon Etkinlik Y\u00f6netimi Bodrum - \u0130stanbulSanat\u00e7\u0131 + Kurasyon + Sahne Performans ve Sanat\u00e7\u0131 Y\u00f6netimi BodrumTasar\u0131m + Malzeme + Uygulama Stand ve Sergileme \u00c7\u00f6z\u00fcmleri \u0130stanbul\u015eef + Masa Dizayn\u0131 + Deneyim VIP &amp; \u00d6zel Yemek Organizasyonu BodrumFoto\u011fraf + Video + \u0130\u00e7erik G\u00f6rsel ve Video Prod\u00fcksiyon Bodrum","protected":false},"author":1,"featured_media":0,"parent":0,"menu_order":0,"comment_status":"closed","ping_status":"closed","template":"","meta":{"footnotes":""},"class_list":["post-3949","page","type-page","status-publish","hentry"],"_links":{"self":[{"href":"https:\/\/debdebe.com.tr\/index.php\/wp-json\/wp\/v2\/pages\/3949","targetHints":{"allow":["GET"]}}],"collection":[{"href":"https:\/\/debdebe.com.tr\/index.php\/wp-json\/wp\/v2\/pages"}],"about":[{"href":"https:\/\/debdebe.com.tr\/index.php\/wp-json\/wp\/v2\/types\/page"}],"author":[{"embeddable":true,"href":"https:\/\/debdebe.com.tr\/index.php\/wp-json\/wp\/v2\/users\/1"}],"replies":[{"embeddable":true,"href":"https:\/\/debdebe.com.tr\/index.php\/wp-json\/wp\/v2\/comments?post=3949"}],"version-history":[{"count":11,"href":"https:\/\/debdebe.com.tr\/index.php\/wp-json\/wp\/v2\/pages\/3949\/revisions"}],"predecessor-version":[{"id":22297,"href":"https:\/\/debdebe.com.tr\/index.php\/wp-json\/wp\/v2\/pages\/3949\/revisions\/22297"}],"wp:attachment":[{"href":"https:\/\/debdebe.com.tr\/index.php\/wp-json\/wp\/v2\/media?parent=3949"}],"curies":[{"name":"wp","href":"https:\/\/api.w.org\/{rel}","templated":true}]}}